 3, what is 1021110211 - -10?
1021110221
In base 15, what is -1 + -20b?
-20c
In base 2, what is -1111 - -1010110110?
1010100111
In base 8, what is 33 - -12012?
12045
In base 11, what is 20 + -162a?
-160a
In base 13, what is 14 + 18c67?
18c7b
In base 14, what is -3473d - 5?
-34744
In base 7, what is 3003 + 1440?
4443
In base 13, what is -12 + 745?
733
In base 12, what is 1419a + a7?
14285
In base 12, what is -5 - 179b?
-17a4
In base 13, what is 24c4 + -3b?
2486
In base 8, what is -2022153 - -5?
-2022146
In base 13, what is 1304 - -14a?
1451
In base 16, what is 4 - 2d59d?
-2d599
In base 13, what is -115705 - -2?
-115703
In base 12, what is 208 - 412?
-206
In base 6, what is 24000 + -304?
23252
In base 8, what is 3 + 444266?
444271
In base 16, what is 38391 + 1?
38392
In base 5, what is -11 + -10334324?
-10334340
In base 6, what is 130430 + 502?
131332
In base 9, what is -4106 - -41?
-4055
In base 8, what is -34 - 5?
-41
In base 8, what is 15 - -4454?
4471
In base 9, what is -20331 - -12?
-20318
In base 6, what is -125214 + -1?
-125215
In base 7, what is 6 - 2021?
-2012
In base 16, what is 6aa + c?
6b6
In base 12, what is 101099 - -5?
1010a2
In base 14, what is -29c2b - -7?
-29c24
In base 6, what is 44020043 + 5?
44020052
In base 12, what is 6 + 407?
411
In base 11, what is 1 + -9043?
-9042
In base 11, what is 4a8 - 1687?
-118a
In base 4, what is -101223311222 + -2?
-101223311230
In base 4, what is -232303 - 1300?
-300203
In base 8, what is 2 + -115454?
-115452
In base 16, what is 0 + 2046?
2046
In base 13, what is -4 - 8762b?
-87632
In base 9, what is -3 - -105864?
105861
In base 4, what is 323020 + 23?
323103
In base 3, what is -10000 + -1222000?
-2002000
In base 2, what is -1001 + 10011100001?
10011011000
In base 13, what is a1ba2 + -4?
a1b9b
In base 11, what is 692 - -489?
1070
In base 15, what is -2aa91 + -1?
-2aa92
In base 15, what is -cc33 - -5?
-cc2d
In base 9, what is 306 - -66?
373
In base 8, what is -422273 - 3?
-422276
In base 9, what is -5 - -8854?
8848
In base 13, what is -55 + 54a?
4c5
In base 13, what is 19 - -21b93?
21bac
In base 14, what is -8 - 6402?
-640a
In base 13, what is 3a926 + 2?
3a928
In base 6, what is -20 - -233014?
232554
In base 2, what is -10110001001000111 - 1000?
-10110001001001111
In base 16, what is 9389 + 4?
938d
In base 3, what is 1 - -200220002?
200220010
In base 10, what is 0 + 19811?
19811
In base 7, what is -255 + -35?
-323
In base 7, what is 45 + -20111?
-20033
In base 3, what is -2120112111 + -11?
-2120112122
In base 15, what is 4 - 200dc8?
-200dc4
In base 3, what is 1200 - 1110220?
-1102020
In base 12, what is -7879 - -9?
-7870
In base 3, what is 10121020002 - -11?
10121020020
In base 14, what is 0 - 67d86?
-67d86
In base 15, what is 6 + 25ae?
25b5
In base 14, what is -97b - 5?
-982
In base 7, what is -1421430 + 2?
-1421425
In base 3, what is 1 - 1101111?
-1101110
In base 16, what is 363 + 191?
4f4
In base 15, what is -79a - b9?
-864
In base 9, what is 11 - 24236?
-24225
In base 12, what is -1b7 - 369?
-564
In base 12, what is 33b7a4 - 2?
33b7a2
In base 13, what is -1134 - 2b?
-1162
In base 3, what is -2212211122 - -110?
-2212211012
In base 8, what is -176466 - 2?
-176470
In base 2, what is -10 - 11111111000?
-11111111010
In base 6, what is -103353 + -1323?
-105120
In base 7, what is 2231 + 624?
3155
In base 14, what is 3 + 390d?
3912
In base 5, what is 32221030 + -2?
32221023
In base 16, what is -70 - 196?
-206
In base 5, what is -134211 + 11?
-134200
In base 15, what is -5 - -106812?
10680c
In base 6, what is -452133 + -12?
-452145
In base 14, what is 419 + 72b?
b46
In base 15, what is -a - 275?
-280
In base 16, what is -2fd + 2fa?
-3
In base 10, what is -97 + -19902?
-19999
In base 2, what is 0 + 10111111011111?
10111111011111
In base 2, what is 11 + 101101101011101111?
101101101011110010
In base 6, what is -11132442 + -5?
-11132451
In base 5, what is 3 - -430420?
430423
In base 12, what is 10 - 2774?
-2764
In base 8, what is 3133 - 53?
3060
In base 3, what is 2000 + -10100211?
-10021211
In base 7, what is 43423 - -314?
44040
In base 9, what is -157 - -1063?
805
In base 8, what is 50 - 652?
-602
In base 4, what is 1130210 - 32?
1130112
In base 5, what is -33 + -2311?
-2344
In base 8, what is 176 + 12657?
13055
In base 14, what is -69 - -c7d?
c14
In base 6, what is -1322320 + 4?
-1322312
In base 4, what is 2120320102 - 0?
2120320102
In base 2, what is 1000 - -11100110101?
11100111101
In base 6, what is 3052 + 103?
3155
In base 8, what is -475156 + 6?
-475150
In base 9, what is 0 - 163785?
-163785
In base 7, what is 3030 - -120?
3150
In base 16, what is -22876 - 28?
-2289e
In base 14, what is -16 + 32c?
316
In base 8, what is -1 + -3203411?
-3203412
In base 5, what is 20 + -24001?
-23431
In base 9, what is -18 + 10147?
10128
In base 13, what is 220b + 317?
2525
In base 9, what is -36505 + 2?
-36503
In base 4, what is -2213300 - 110?
-2220010
In base 11, what is -3 - 694836?
-694839
In base 10, what is 7041 - -144?
7185
In base 15, what is -5 + d351?
d34b
In base 3, what is 11112110121 + -10?
11112110111
In base 10, what is 1156 + -220?
936
In base 4, what is -321122220 + 0?
-321122220
In base 8, what is 3 - -3411?
3414
In base 10, what is 2115 - 28?
2087
In base 7, what is -21311 - -124?
-21154
In base 4, what is 301 - -20132200?
20133101
In base 5, what is 20322214 - -10?
20322224
In base 15, what is -1b + 622?
606
In base 6, what is -35140 + 34?
-35102
In base 8, what is 57 - -5747?
6026
In base 11, what is -2416 - 56?
-2471
In base 2, what is 101 + -1101001110100100?
-1101001110011111
In base 15, what is 0 - -1248?
1248
In base 3, what is -201000 - 12?
-201012
In base 13, what is 2 - -c8a93?
c8a95
In base 7, what is -3 - 6025?
-6031
In base 2, what is -10111101001100 + -101?
-10111101010001
In base 9, what is 3606 + 140?
3746
In base 6, what is -1120131 - 2?
-1120133
In base 16, what is -41 + -28d?
-2ce
In base 13, what is -ab0 - 30?
-b10
In base 7, what is -31266 + 44?
-31222
In base 15, what is -b88a - -1?
-b889
In base 3, what is -1 + -11010112121?
-11010112122
In base 14, what is 34c + -6?
346
In base 14, what is 2a249 - 0?
2a249
In base 7, what is 1142 + 105?
1250
In base 12, what is 112 - 1470?
-135a
In base 3, what is -10102211 + -102112?
-10212100
In base 15, what is -1412 + 31?
-13d1
In base 14, what is b - 1606?
-15d9
In base 9, what is -1 - -2051?
2050
In base 10, what is 2030 - 38?
1992
In base 4, what is 101 + 10001102?
10001203
In base 6, what is 1151042 + -23?
1151015
In base 13, what is 7 + -2795?
-278b
In base 7, what is 1262 + -11125?
-6533
In base 14, what is 36b + -62?
309
In base 16, what is 3 - -163a7?
163aa
In base 7, what is 3 + 600516?
600522
In base 3, what is -121202111 - -12?
-121202022
In base 6, what is -1 + 4433?
4432
In base 9, what is 32 - 528?
-486
In base 5, what is -131113 + -1?
-131114
In base 5, what is -130242 + -100?
-130342
In base 4, what is 230311 + -1?
230310
In base 14, what is 7 + 24a0a?
24a13
In base 12, what is 2089 + 13?
20a0
In base 10, what is -55 + -1683?
-1738
In base 12, what is 35241 + -2?
3523b
In base 8, what is 36344 + -3?
36341
In base 13, what is b181 + -2?
b17c
In base 5, what is -144430313 - 1?
-144430314
In base 4, what is 121 - 13132?
-13011
In base 16, what is 63c - -10?
64c
In base 14, what is 223 + -54?
1ad
In base 8, what is 561 + -36?
523
In base 6, what is 5 - -104120052?
104120101
In base 4, what is -22203330 + 1001?
-22202323
In base 3, what is 1 - 22101221?
-22101220
In base 5, what is 13 - -2301012?
2301030
In base 11, what is -4 + 12393?
1238a
In base 11, what is 15 + 733?
748
In base 2, what is 11001000 - -100100101111?
100111110111
In base 16, what is 16 + ff29?
ff3f
In base 6, what is 234253 - -2?
234255
In base 3, what is -12100222 - 11?
-12101010
In base 9, what is -3532 + 28?
-3503
In base 11, what is a - 1931?
-1922
In base 5, what is -2 - 134223?
-134230
In base 12, what is 23a2 - -1?
23a3
In base 10, what is 856007 + -3?
856004
In base 8, what is 1047 + 1?
1050
In base 16, what is 6759c + 5?
675a1
In base 14, what is a4 - -134?
1d8
In base 2, what is 10000010001100110000 + 101?
10000010001100110101
In base 6, what is -15 + -32552?
-33011
In base 8, what is -10 + 1351?
1341
In base 11, what is 7719 - 10?
7709
In